be k(7). Suppose 6*x = f*x + 38. What is the tens digit of x?
1
What is the tens digit of (-26632)/(-16) + (5 - (-33)/(-6))?
6
Let l = 373 + 79. What is the tens digit of l?
5
Suppose 12*s - 74 = 58. Suppose -m - 13 = -5*g + 54, -m + 73 = 5*g. Let a = g - s. What is the units digit of a?
3
Let c(t) be the third derivative of t**5/60 + 5*t**4/12 + t**3 - 15*t**2. What is the units digit of c(-13)?
5
Let z be (-2)/(((-5)/(-3))/(-5)). Let w be 24/(-10)*(-40)/16. Suppose 3*y - 6*y - d = -w, z = 5*y + 3*d. What is the units digit of y?
3
Suppose -b - 2151 = -4*x - 450, x - 428 = 3*b. What is the tens digit of x?
2
Suppose 0 = -3*v - 0*f - 4*f + 11, v + 7 = -4*f. Let j be -1 + 2 + v + -3. Suppose 0 = 5*a + z - 116, -4*a - 73 = -j*a - 4*z. What is the tens digit of a?
2
Suppose 0 = 2*n - 4, 2*f - 6*n + 8*n - 14 = 0. Suppose -5*x - 676 = -3*r - 29, 0 = -f*x + 25. What is the units digit of r?
4
Suppose 15*j - 3914 = -899. What is the tens digit of j?
0
Suppose -4*t + 8*t - 1900 = 0. What is the hundreds digit of t?
4
Suppose -3*p + 2*r + 8 = 0, 4*p + 0 + 8 = -2*r. Suppose f + p*f = 4*o - 630, -5*f = -4*o + 622. What is the tens digit of o?
5
Let o = 26 - 21. Suppose -5*q + m + 31 = 1, o*m + 5 = -4*q. Let f = -1 + q. What is the units digit of f?
4
Suppose 0 = 5*d - 22 - 8. Suppose 5*h + 5*u - 51 = d*u, -36 = -4*h + 2*u. What is the units digit of h?
1
Let x be (((-324)/(-16))/9)/((-1)/(-36)). Suppose -c + 0*l + 3*l + 81 = 0, -c + x = -4*l. What is the tens digit of c?
8
Let v be 2 + ((-12)/(-4) - 3). Suppose t = 3*z + 2*t - 13, -5*z - v*t = -23. Suppose -z*r = -4*q - 15, 4*q = -2*r + q - 7. What is the units digit of r?
1
Let s(k) = -17*k**2 - 27*k + 12. Let i(a) = -4*a**2 - 7*a + 3. Let z(t) = -9*i(t) + 2*s(t). What is the tens digit of z(3)?
4
Let p be -2 - -2*(-3)/(-3). Suppose -2*l + l + 5 = p. Suppose l*o - 81 + 11 = 0. What is the units digit of o?
4
Let p(z) = 3*z**2 + 7*z + 7. Let a = 9 - 15. Let y be (-54)/(-9)*4/a. What is the tens digit of p(y)?
2
Let y(x) be the second derivative of x**3/6 + x**2 + 7*x. Let h be y(0). Suppose -h*v - 2*d = -3*v, d = 2*v - 12. What is the units digit of v?
8
Suppose 0 = 4*z + 45 + 11. Let j be 4/z + (-72)/(-56). What is the units digit of 4/(-2)*(j + -2)?
2
Suppose -2*t - 5*i - 11 = 0, -5*t + 0*t + 7 = i. Suppose t = 5*j - 103. Let w = j + -15. What is the units digit of w?
6
Suppose -9*p = -3*p + 6. Let n be 1 - 2*6/4. What is the units digit of n - ((1 - p) + -29)?
5
Let r(f) be the second derivative of -f**5/20 - 5*f**4/3 + 7*f**3/3 - 19*f**2/2 + 50*f. What is the tens digit of r(-21)?
2
Suppose 18 = -6*s + 8*s. Suppose -v = 2*v - 3*d - 111, 0 = -3*d - s. What is the tens digit of v?
3
Let p = -293 - -531. Suppose -3*q = 5*k - 357, -7*q + 9*q + 5*k - p = 0. What is the units digit of q?
9
Let b(a) = a**2 - 9*a - 2. Let q be b(8). Let i = 20 + q. Let g(f) = 2*f + 2. What is the tens digit of g(i)?
2
Suppose -3 = -b - 0. Suppose -b*o + 124 + 14 = 0. What is the tens digit of o?
4
Suppose 0 = -2*b, 4*v - 4497 = -3*b + 699. What is the hundreds digit of v?
2
Suppose f - 6760 = -7*f. What is the units digit of f?
5
Suppose -5*s + 61 - 41 = 0. What is the units digit of s - 1/((-5)/105)?
5
Let x(m) = -2*m**3 + 4*m + 9. Let y(t) = 3*t**3 + t**2 + 2*t. Let p be y(-1). What is the units digit of x(p)?
1
Let t(f) = -4*f - 11. Let k(w) = 2*w + 5. Let u(a) = -9*k(a) - 4*t(a). What is the units digit of u(-11)?
1
Let i = -1237 + 2553. What is the thousands digit of i?
1
Suppose 143 = 2*o - 11. Suppose 2*c + 2*v = c + o, 5*c - 3*v = 346. What is the units digit of c?
1
Let g(x) = -4*x**2 + 3*x - 2. Let h be g(3). Let i = -40 - h. Let z = i - -29. What is the units digit of z?
8
Let r(c) = 10. Let x(k) = -k. Let l(t) = r(t) - 3*x(t). What is the tens digit of l(7)?
3
Suppose 44 = -3*v - 5*s + 7, -v + 2*s + 6 = 0. What is the hundreds digit of v/6 + 353/3?
1
Let b(m) = -m**2 + 6*m - 4. Let s be b(5). Suppose 0 = 3*o - 2*z - s - 0, 0 = -4*o - 3*z - 10. Let c(i) = -9*i - 1. What is the units digit of c(o)?
8
Suppose 4*w = 5*d + 3774, -7*w = -4*w + 4*d - 2846. What is the tens digit of w?
4
Suppose -v = -3*v - 80. Let s = 49 + v. What is the units digit of s?
9
Suppose 2*t + 6 = -0, -4*t - 12 = -y. Suppose -q + y*l = l - 66, -3*q + 2*l = -198. What is the tens digit of q?
6
Let s be (-2 + -4 - -3) + 2 - -4. Suppose 2*r + s*r - 130 = 0. What is the units digit of r?
6
Let w be 51 + 8 + (0 - -3) - 3. Let i = w - 27. What is the units digit of i?
2
Let y = -287 - -602. What is the tens digit of y?
1
Let q be 1610/(-13) - (-6)/(-39). Let j(s) = -4*s**2 - 2*s - 4. Let h be j(-7). Let k = q - h. What is the units digit of k?
2
Let v = -168 + 364. What is the hundreds digit of v?
1
Let x be (-18)/6 + (1 - -3). Suppose z = n + 2*n, -n + x = 0. Let b = 15 - z. What is the units digit of b?
2
Let y = 1733 + -800. What is the hundreds digit of y?
9
Let u(t) = -t**3 - 6*t**2 - 6*t - 2. Let i be u(-5). Let a be 5 - (-2)/(-2) - i. Let c = 25 + a. What is the units digit of c?
6
Suppose -2*u - a + 4 = -2, 3*u + 1 = a. What is the tens digit of (4/6 + 271/3)/u?
9
Suppose -6*s + 2*s + 16 = 0. Let o(x) = 4*x - 8. Let f be o(s). Suppose -y + 4 = -f. What is the units digit of y?
2
Let a(v) = -8*v + 20. Let z be a(-5). Let o = 52 + z. What is the hundreds digit of o?
1
Suppose 163 = -7*y + 58. Let w = 17 + y. What is the units digit of w - (-6 - 0/3)?
8
Let p = 23 - 13. Let y(v) = 9*v**2 + 14*v - p*v**2 + 14 - 4*v. What is the units digit of y(10)?
4
Let o(z) = -z**3 - 6*z**2 - 6*z - 1. Let w be o(-4). What is the units digit of (-2 - w) + (3 + -1 - 3)?
6
What is the thousands digit of (-1)/(-6) + (-128132)/(-24)?
5
What is the units digit of 18/((-3)/(-14430)*15)?
2
What is the hundreds digit of (4634/5)/(-7)*-5?
6
Let s = 12 + 52. Suppose 0*v - 3*v + 120 = 0. Let f = s - v. What is the units digit of f?
4
Suppose 11*g - 6*g + 1865 = 5*u, 1111 = 3*u - 5*g. What is the units digit of u?
7
Let i(d) = 21*d + 3. Let s be i(4). Let c = s + -170. Let j = -47 - c. What is the tens digit of j?
3
Let h be -2 + -13*4/(-2). Let t = 122 - 114. Let l = h - t. What is the tens digit of l?
1
Let o = 4027 - 2414. What is the units digit of o?
3
Let c(g) = -2534*g + 22. What is the tens digit of c(-2)?
9
Let s = -398 - -490. What is the units digit of s?
2
Let f(c) = 4 - 17*c + 57*c + 9*c. What is the tens digit of f(2)?
0
Let y = 1611 - 989. What is the tens digit of y?
2
Let w(z) = -2*z + 358. What is the tens digit of w(-9)?
7
Suppose 2*z = 5*z - q - 8, -z + q = 0. Suppose 2*r + 8 = 0, 0*r = z*a + 4*r - 132. What is the tens digit of a?
3
Suppose 3*k - 3*l + 10 = -5, 5 = 2*k + l. Suppose k = 3*d - 11 - 1. Suppose u + 0*u = -2*w + 31, d*w - 44 = 4*u. What is the tens digit of w?
1
Let s = -9 - 69. Let l = s - -42. Let w = 60 + l. What is the units digit of w?
4
Let h = 3 + -1. Let p be -6 - (h + -3 - 2). Let c(d) = -11*d - 1. What is the units digit of c(p)?
2
Suppose 0 = 66*w - 2377 - 100253. What is the units digit of w?
5
Let f(a) = -506*a**3 - a**2 - 3*a - 1. What is the hundreds digit of f(-1)?
5
Suppose -17*j = -16*j - 285. What is the units digit of j?
5
Let h = -49 + 57. Suppose -18 - h = -2*i. What is the units digit of i?
3
Suppose u = -3*j - 3*u + 202, 5*j - 3*u = 327. Suppose -j*k = -62*k - 636. What is the units digit of k?
9
Suppose 37 + 162 = -a. Let w = -69 - a. What is the tens digit of w?
3
What is the hundreds digit of (-2 - -17)*(-192)/5*-2?
1
Let k = 1075 + 28. What is the hundreds digit of k?
1
Let m(l) = l**3 - 91*l - 12*l**2 + 16 + 88*l - l**2. Let w be m(13). Let o = 70 + w. What is the tens digit of o?
4
What is the tens digit of (-418336)/(-102) - (-1)/(-3)?
0
Suppose -3576 = -5*f + 2729. What is the thousands digit of f?
1
What is the hundreds digit of ((-606)/4 + -3)/(8/(-16))?
3
Suppose -353*y + 351*y + 3820 = 0. What is the hundreds digit of y?
9
Let p(j) = 3*j - 18. Let h be p(5). What is the units digit of (3/h)/((-4)/28)?
7
What is the units digit of (-38987)/(-65) + (-8)/10?
9
Suppose s - 4 = 0, -l - 238*s + 240*s + 2083 = 0. What is the thousands digit of l?
2
Let u(n) be the first derivative of -n**4/4 + 2*n**3 + 9*n**2/2 + 2*n + 4. Let k be (1 - 0)*(9 - 2). What is the units digit of u(k)?
6
Let i = 27 + -17. Let g